 5*m - 2. Let t(y) = 3*y**2 - 4*y - 2. Let h(v) = 4*p(v) - 3*t(v). Calculate h(r).
5
Let l(g) = -g**3 - 3*g**2 - 5*g - 18. Let o be l(-4). Let k = -13 + o. Let f(a) = k*a - 3*a - 4*a**3 + 3 - 2. Determine f(-1).
3
Let c(w) = 11*w**2 + 54*w - 8*w**2 - 91 + 586 - 3*w**2 - w**2. Give c(-8).
-1
Suppose 109 = 21*a - 290. Suppose -a*h + 2*h = 11*h. Let q(r) = 4*r**2 + 2*r + 7. What is q(h)?
7
Let x(f) = -f**2 + 6*f. Let v be x(5). Suppose -3*c + 0*c + 5*d = -36, -v*c + 2*d = -60. Let t = 11 - c. Let l(m) = 2*m**2 - m - 1. Determine l(t).
2
Let a(g) = -g**2 - 5*g. Let k be a(-5). Let r(t) = -t + k - 4 + 2*t. Suppose 0 = -y + 1823*n - 1824*n + 5, -4*y - 20 = -4*n. Calculate r(y).
-4
Let c(y) = -y**2 + 5*y - 3. Let m = 43 - 21. Let d = m - 20. Suppose 0 = -d*o + 5*l + 30, -o + 26 = o - 4*l. Calculate c(o).
-3
Let n be ((-3)/4)/(15/(-100)). Let m(h) = 22 + n*h - 24 + 0*h + h. Calculate m(-1).
-8
Let y(c) = -23*c**3 - 17*c**2 + 121*c - 25. Let x(a) = 2*a**3 - a + 3. Let n(j) = 11*x(j) + y(j). Give n(-22).
8
Let b(c) be the third derivative of -c**8/20160 + c**6/180 + 61*c**5/30 + 19*c**2 - c. Let w(j) be the third derivative of b(j). Give w(-4).
-12
Let p(j) = j**2 - 3*j - 7. Let x(g) = 36*g + 112. Let h be x(-3). Give p(h).
-3
Let l(h) = 20*h - 322. Let c(z) = -8*z + 129. Let w(i) = -13*c(i) - 5*l(i). Determine w(23).
25
Let p(w) = w**2 + 7*w + 21. Suppose 62*b = -337 - 242 + 145. What is p(b)?
21
Let o(g) = -5*g - 13. Let x(b) = 9*b + 16. Let s(l) = -l - 1. Let w(a) = 3*s(a) + x(a). Suppose -36*p = 12*p + 192. Let k(y) = p*w(y) - 5*o(y). Give k(-9).
4
Let v(g) = -193 - 404 + 577 + g**2. Determine v(6).
16
Let z(h) = -6*h - 15. Suppose 2*f + 3*d + 24 = -f, 4*d = 5*f + 13. Let v(t) = 8*t + 14. Let l(n) = f*z(n) - 4*v(n). Calculate l(12).
-5
Let v(a) = 282 - 2*a**2 - a + 225 - 505. Suppose 2*i = j + 6, -2*j + 16 = i + 2*i. Give v(j).
-8
Suppose 333*n - 4043 - 2480 + 1861 = 0. Let s(h) = 26*h - 360. Give s(n).
4
Let h(u) = -14*u + 1. Suppose 10 = -2*c + 6*i - 2*i, c - 3*i + 9 = 0. Suppose c*s - 15*s + 12 = 0. Determine h(s).
-13
Let c be -2 + 28/13 + 6771/2886. Let v(b) be the first derivative of 0*b - 1/3*b**3 + c*b**2 + 39. Determine v(6).
-6
Let a(g) = -g**3 + 146*g**2 - 6*g - 1. Let m(l) = -42*l**2 + l + 1. Let i(h) = a(h) + 4*m(h). Determine i(-22).
47
Let j = -743 - -743. Suppose -45 = -3*q + 27. Let w(g) = -3*g - q + 4*g - 2*g. Calculate w(j).
-24
Suppose -35*a + 7*a = 11*a - 1053. Let o(k) = 25*k - 668. What is o(a)?
7
Let d(y) = -23*y**2 + 2*y - 21. Let f(r) = 61*r**2 - 6*r + 57. Let b(a) = 8*d(a) + 3*f(a). Give b(3).
-12
Let l(y) = 7*y - 3. Suppose -j - 200 + 613 = 2*i, -4*i + 805 = -5*j. Let p = i + -202. Calculate l(p).
18
Let p(y) be the third derivative of y**5/60 - y**4/6 + 7*y**3/6 + 247*y**2. Determine p(7).
28
Let c(n) = 180 - 427 + 235 + 0*n + n. Let j(r) = 2*r + 7. Let d be j(2). Calculate c(d).
-1
Let s(z) = z**2 + 3*z + 3. Let l = 21 + 17. Let h(y) = 9*y**2 + 112*y + 8. Let f be h(-12). Let a = f + l. What is s(a)?
1
Let r(w) = w**3 - 4*w**2 - w + 3. Let g(n) = n**2 - 42*n + 40. Let f be g(41). Let q be f*(-5)/25*1*15. Determine r(q).
-9
Let n(i) be the first derivative of 199 + 1/3*i**3 + 3*i + 5/2*i**2. What is n(-4)?
-1
Let u(z) = z**3 - 30*z**2 - 51*z + 659. Let g be u(31). Let f(j) = -j**2 + 37*j + 64. Calculate f(g).
-14
Let y be (4 - (4 + 80))*(-1)/2. Suppose -h - y = -5*h. Suppose -5*s - h = 3*q + 6, 4*s + 23 = q. Let g(p) = -p**3 + 2*p**2 + 3*p - 4. What is g(q)?
-4
Let b(t) = -727603 + 8*t + 727610 + 8*t**2 + t**3 + 2*t**2. What is b(-6)?
103
Let f = 429 - 417. Let x(u) = -f*u + 55*u - 23*u - 4 - 21*u. Let k(y) = y**2 - 2*y. Let o be k(4). Determine x(o).
-12
Suppose 2*h - 7*h + 40 = 0. Suppose -10*l = -h - 12. Let m(j) = -2*j**l + j**2 - 2*j - 32 - j**3 + 31 + 2*j**2. Determine m(2).
-9
Let b(r) = r**2 - 6 + 99009*r + 99017*r - 198021*r. Give b(-4).
-10
Let y(p) = -6*p**2 - 2*p + 1. Let l = -73 + 91. Suppose -3*j = 4*w - l, 5*w - 21 = -j - 2*j. Suppose -2*v - v - j = -5*a, -1 = 3*v - 4*a. What is y(v)?
-7
Let o(s) = -2*s**2 - 30*s - 24. Let t(r) = 3*r**2 + 40*r + 35. Let d(w) = -7*o(w) - 5*t(w). What is d(10)?
-7
Let w(v) = -514 - v + 1007 - 514. Give w(-10).
-11
Let t(k) = -2. Let h(w) = 11*w - 10. Let f(b) = 5*b - 6. Let d(l) = -9*f(l) + 4*h(l). Let s(o) = d(o) + 6*t(o). Determine s(-3).
5
Let p(c) be the second derivative of c**4/3 + 5*c**3/2 + 8*c**2 + 4177*c. What is p(-3)?
7
Let v(a) = 2*a**3 + 45*a**2 - 40*a + 16. Let p be v(-23). Suppose 4*c + 415 - p = 0. Let j(i) = -i**2 - 2*i + 1. Calculate j(c).
1
Let g(j) be the second derivative of 9*j + 0 + 1/20*j**5 - j**3 + 2*j**2 + 5/12*j**4. What is g(-6)?
4
Let s(z) = z**2 - 8*z - 1. Let b(v) = -149*v - 2. Let l be b(-1). Let f = l - 141. What is s(f)?
-13
Suppose -r + 10 = 12. Let i be 210/20*r/(-3). Let u(v) = 3 - 21*v + 13*v + i*v. What is u(-5)?
8
Let s(n) be the first derivative of -3*n - 62 - 3/2*n**2. Give s(2).
-9
Let l be 2/((-2)/(-1)) - (1 + -3). Let w(x) = -3*x**2 + 10*x - 10. Let p(i) = 4*i**2 - 11*i + 12. Let c(b) = l*w(b) + 2*p(b). Determine c(7).
1
Suppose 0 = -219*a + 212*a + 119. Suppose 4*l - 71 = -j - a, -3*l + 35 = -2*j. Let u(v) = -v**3 + 12*v**2 + 14*v - 17. What is u(l)?
-4
Let y = -65 + 68. Let h(b) = -2 - 2*b**2 + b + 6*b**3 - 17*b**3 + 10*b**3 + 5*b**2 - 3*b. Determine h(y).
-8
Let x(b) = -b - 8. Let l(h) = -98*h**2 + 2 + 2*h**3 + 101*h**2 - h**3. Let n be l(-3). Suppose -n*j = 4*j + 54. What is x(j)?
1
Suppose -152 = -4*s + 42*s. Let j be (s/(-4) + -5)*2. Let n(x) = -x**3 - 7*x**2 + 8*x. Calculate n(j).
0
Let g(b) = -21*b - 153. Let w(s) = 22*s + 190. Let x(u) = -6*g(u) - 5*w(u). What is x(3)?
16
Let i(l) = -l**2 - 6*l - 8. Let n be 1/5 - (-4160)/200. Suppose -16*j + n*j + 13 = 3*k, -k + 11 = -3*j. What is i(k)?
0
Let n = 2 + 5. Suppose a = -3*h + 56472, 22*a = 20*a + 5*h + 112889. Let c(v) = -v**3 + 7 - 15 + 6*v**2 + v**2 + 56455*v - a*v. Give c(n).
-22
Let b(c) = 2*c**2 - 16*c - 26. Suppose 13746*y = 13760*y - 112. Calculate b(y).
-26
Let t(h) be the first derivative of -h**2 + 2*h - 1054. Determine t(-18).
38
Let q(p) = -p**3 + 3*p**2 - 2*p + 1. Suppose 5*o - 2*r = -117 + 292, -3*r = 2*o - 51. Let n = -43 + 79. Let h = n - o. Give q(h).
-5
Let y(p) = p**3 + 6*p**2 + 6*p - 3. Let r(g) be the second derivative of -g**3/6 + 6*g**2 + 9*g. Let m be r(7). Suppose -14 = m*s + 11. Calculate y(s).
-8
Let n(i) = 13*i**2 - 11*i + 1. Let m(v) = 7*v + 5*v - 4*v - 2*v - 7*v**2. Let z(t) = 11*m(t) + 6*n(t). Suppose 100 = -s + o + 103, -3*o = 9. Calculate z(s).
6
Let s = 198 + -190. Let z(q) = 3*q - 4*q + 6 + s. What is z(11)?
3
Let s(j) = -2*j + 16. Let h(n) = 4*n - 163. Let y(c) = -c + 53. Let m(k) = -3*h(k) - 8*y(k). Let z be m(14). Determine s(z).
-2
Let i(z) = -13*z**2 - 18 + 8*z**2 + 7*z**2 - 4*z**2 - 23*z - 15*z. Calculate i(-18).
18
Suppose -3*j - 37 + 10 = 0. Let z(l) = 3*l + 27. Let n be z(j). Let r(q) be the first derivative of -q**3/3 + q**2/2 - 5*q - 1. Give r(n).
-5
Suppose 7 = -5*g + 12. Let l(c) be the second derivative of 16*c**3/3 + 2*c - 1483. Calculate l(g).
32
Let n(i) be the second derivative of i**3 - 5*i**2/2 + 3286*i. What is n(2)?
7
Suppose 4*l = f - 33, 2*l + 28 = 12. Let t(o) be the first derivative of -4*o**4 + o**3/3 - o + 6. Give t(f).
-16
Let t(j) = -46*j - 42. Let m(k) = -67*k - 57. Let u(f) = -5*m(f) + 7*t(f). Determine u(-4).
-61
Let n(s) = 2*s**3 + 79*s**2 - 37*s + 129. Let c be (-1)/4 + (-1550)/(-248) + (-46 - 0). Calculate n(c).
9
Let w(m) = -2*m**3 + 105*m**2 + 158*m + 230. Let t be w(54). Let k(a) = -a**3 + 15*a**2 - 17*a + 25. Calculate k(t).
-17
Let x(f) be the third derivative of 7*f**5/15 - f**4/24 + 11*f**2. Let y(k) = 405*k + 811. Let i be y(-2). What is x(i)?
27
Let s(u) = 46*u**2 + 5*u + 10. Let k be s(5). Suppose -k = -7*j + 2*j. Let z(l) = -237*l + j*l - 7*l**2 - l**3 + 2. Give z(-7).
2
Let u(j) = -120*j - 296. Let f(n) = 11*n + 28. Let o(y) = 32*f(y) + 3*u(y). What is o(7)?
-48
Let f(r) = -r**2 + 5*r - 2. Let d = 406 - 402. Suppose d*i - 5*h - 30 = 0, -14 = -14*i + 10*i - 3*h. What is f(i)?
-2
Let t = 485 - 131. Let z(b) = -354*b + t*b - 10*b**2 + 1. Give z(1).
-9
Suppose 192 - 192 = 190*f. Let g(u) = -3*u + 2. Let v(n) = -5*n + 3. Let s(o) = -7*g(o) + 4*v(o). What is s(f)?
-2
Let d(x) = 3*x**3 - 15*x*